is the greatest common factor of 29711 and 73?
73
What is the greatest common factor of 12 and 216?
12
Calculate the greatest common factor of 2288 and 640.
16
Calculate the highest common factor of 51 and 459.
51
What is the highest common factor of 35 and 665?
35
What is the greatest common divisor of 126 and 1449?
63
What is the greatest common divisor of 30 and 24?
6
Calculate the highest common divisor of 45 and 17145.
45
Calculate the greatest common factor of 66 and 2.
2
What is the greatest common factor of 1701 and 21?
21
Calculate the greatest common divisor of 26 and 11206.
26
Calculate the highest common factor of 84 and 378.
42
What is the greatest common divisor of 8025 and 75?
75
Calculate the greatest common factor of 325 and 3445.
65
Calculate the highest common divisor of 73 and 657.
73
Calculate the greatest common factor of 14587 and 29.
29
What is the greatest common divisor of 46 and 299?
23
Calculate the highest common factor of 34 and 306.
34
What is the highest common factor of 2 and 41?
1
Calculate the highest common divisor of 78 and 42.
6
Calculate the highest common factor of 49 and 2597.
49
Calculate the highest common divisor of 50700 and 60.
60
Calculate the greatest common factor of 270 and 10935.
135
What is the highest common divisor of 1856 and 1152?
64
Calculate the greatest common divisor of 3969 and 98.
49
What is the highest common factor of 11 and 44?
11
What is the greatest common divisor of 114 and 133?
19
Calculate the greatest common factor of 57 and 2033.
19
Calculate the highest common divisor of 340 and 20.
20
What is the highest common divisor of 4148 and 204?
68
What is the highest common factor of 15 and 67890?
15
What is the highest common factor of 60 and 12?
12
Calculate the greatest common factor of 52 and 286.
26
Calculate the highest common divisor of 286 and 11.
11
What is the greatest common divisor of 4305 and 41?
41
Calculate the highest common divisor of 64 and 3584.
64
What is the greatest common divisor of 2057 and 306?
17
What is the greatest common divisor of 22892 and 118?
118
Calculate the greatest common factor of 168 and 328.
8
Calculate the highest common factor of 344 and 215.
43
What is the greatest common divisor of 332 and 249?
83
What is the greatest common factor of 12 and 28932?
12
Calculate the greatest common divisor of 16 and 2984.
8
Calculate the greatest common factor of 108 and 20.
4
Calculate the greatest common divisor of 77 and 14.
7
What is the greatest common divisor of 8 and 132?
4
What is the greatest common divisor of 1243 and 113?
113
Calculate the highest common factor of 840 and 240.
120
Calculate the highest common factor of 37 and 3811.
37
Calculate the greatest common factor of 17 and 425.
17
Calculate the greatest common divisor of 40 and 2180.
20
Calculate the highest common divisor of 314 and 6751.
157
Calculate the greatest common factor of 24 and 810.
6
Calculate the highest common factor of 110 and 4070.
110
Calculate the highest common divisor of 351 and 27.
27
What is the highest common factor of 14 and 518?
14
What is the highest common divisor of 8560 and 320?
80
What is the highest common factor of 2047 and 2848?
89
Calculate the greatest common divisor of 384 and 120.
24
Calculate the greatest common divisor of 352 and 88.
88
What is the greatest common factor of 6588 and 432?
108
What is the highest common factor of 133 and 91?
7
Calculate the highest common divisor of 819 and 189.
63
What is the highest common divisor of 272 and 3944?
136
Calculate the greatest common factor of 22 and 891.
11
What is the greatest common divisor of 75 and 45?
15
What is the highest common divisor of 12 and 276?
12
What is the greatest common divisor of 40 and 190?
10
What is the greatest common divisor of 360 and 1160?
40
What is the greatest common factor of 114 and 19988?
38
What is the highest common divisor of 306 and 34?
34
What is the greatest common divisor of 4 and 4?
4
Calculate the highest common factor of 2532 and 84.
12
Calculate the highest common factor of 1876 and 392.
28
Calculate the greatest common factor of 800 and 4640.
160
What is the greatest common divisor of 1479 and 51?
51
What is the highest common divisor of 112 and 196?
28
Calculate the highest common factor of 204 and 68.
68
What is the highest common factor of 6 and 258?
6
Calculate the highest common factor of 99 and 11.
11
What is the greatest common factor of 1394 and 578?
34
Calculate the greatest common divisor of 50 and 490.
10
Calculate the highest common divisor of 195 and 260.
65
Calculate the greatest common divisor of 56 and 49.
7
What is the greatest common factor of 1261 and 388?
97
What is the greatest common factor of 451 and 123?
41
What is the greatest common divisor of 45 and 1305?
45
What is the highest common divisor of 80 and 1520?
80
What is the highest common divisor of 12435 and 30?
15
Calculate the greatest common divisor of 475 and 75.
25
Calculate the highest common divisor of 264 and 48.
24
What is the greatest common factor of 2888 and 342?
38
Calculate the highest common divisor of 130 and 455.
65
Calculate the highest common divisor of 4 and 566.
2
What is the greatest common divisor of 319 and 11?
11
Calculate the greatest common factor of 287 and 13776.
287
What is the highest common divisor of 70 and 910?
70
Calculate the greatest common factor of 3942 and 54.
54
Calculate the greatest common factor of 98 and 294.
98
Calculate the greatest common divisor of 50 and 155.
5
What is the greatest common factor of 14 and 2100?
14
Calculate the highest common factor of 368 and 23.
23
Calculate the greatest common factor of 2838 and 66.
66
Calculate the highest common factor of 384 and 36.
12
What is the greatest common divisor of 72 and 120?
24
Calculate the highest common factor of 11921 and 131.
131
What is the greatest common divisor of 235 and 11515?
235
What is the highest common factor of 20 and 2920?
20
Calculate the highest common factor of 2504 and 8.
8
Calculate the highest common factor of 1080 and 40.
40
What is the highest common divisor of 81 and 567?
81
Calculate the greatest common factor of 1885 and 130.
65
What is the greatest common divisor of 812 and 1276?
116
What is the highest common divisor of 312 and 24?
24
Calculate the highest common divisor of 93 and 12741.
93
Calculate the greatest common divisor of 28028 and 91.
91
What is the greatest common divisor of 3700 and 20?
20
What is the greatest common factor of 38 and 2698?
38
What is the highest common divisor of 437 and 133?
19
Calculate the highest common factor of 6739 and 184.
23
What is the highest common factor of 16 and 2192?
16
What is the greatest common divisor of 90 and 3501?
9
Calculate the greatest common divisor of 22 and 165.
11
Calculate the greatest common divisor of 560 and 98.
14
Calculate the highest common factor of 16 and 16192.
16
What is the highest common divisor of 5 and 1765?
5
What is the greatest common factor of 33 and 5401?
11
What is the highest common divisor of 21735 and 575?
115
What is the greatest common divisor of 98 and 994?
14
Calculate the greatest common divisor of 19549 and 113.
113
Calculate the highest common divisor of 30 and 4.
2
What is the highest common divisor of 4 and 190?
2
What is the greatest common divisor of 1702 and 370?
74
What is the greatest common divisor of 189 and 64827?
189
Calculate the highest common divisor of 702 and 36.
18
Calculate the highest common factor of 326 and 1467.
163
Calculate the highest common factor of 20 and 75.
5
What is the greatest common divisor of 26 and 806?
26
Calculate the greatest common divisor of 189 and 9.
9
Calculate the greatest common divisor of 990 and 297.
99
Calculate the greatest common divisor of 50 and 75.
25
Calculate the highest common divisor of 13 and 6630.
13
What is the highest common factor of 14352 and 195?
39
Calculate the greatest common divisor of 56 and 7.
7
Calculate the greatest common factor of 13 and 806.
13
Calculate the highest common factor of 260 and 3510.
130
Calculate the greatest common divisor of 65 and 25.
5
What is the greatest common divisor of 156 and 9516?
156
Calculate the highest common factor of 93 and 837.
93
Calculate the grea